Last updated on 2024-04-27 13:49:46 CEST.
Flavor | Version | Tinstall | Tcheck | Ttotal | Status | Flags |
---|---|---|---|---|---|---|
r-devel-linux-x86_64-debian-clang | 1.2.0 | 7.48 | 42.12 | 49.60 | NOTE | |
r-devel-linux-x86_64-debian-gcc | 1.2.0 | 5.79 | 31.05 | 36.84 | NOTE | |
r-devel-linux-x86_64-fedora-clang | 1.2.0 | 63.07 | NOTE | |||
r-devel-linux-x86_64-fedora-gcc | 1.2.0 | 62.07 | NOTE | |||
r-devel-windows-x86_64 | 1.2.0 | 10.00 | 53.00 | 63.00 | NOTE | |
r-patched-linux-x86_64 | 1.2.0 | 7.12 | 39.45 | 46.57 | NOTE | |
r-release-linux-x86_64 | 1.2.0 | 6.74 | 40.41 | 47.15 | NOTE | |
r-release-macos-arm64 | 1.2.0 | 23.00 | NOTE | |||
r-release-windows-x86_64 | 1.2.0 | 9.00 | 53.00 | 62.00 | NOTE | |
r-oldrel-macos-arm64 | 1.2.0 | 23.00 | NOTE | |||
r-oldrel-macos-x86_64 | 1.2.0 | 32.00 | NOTE | |||
r-oldrel-windows-x86_64 | 1.2.0 | 11.00 | 58.00 | 69.00 | NOTE |
Version: 1.2.0
Check: LazyData
Result: NOTE
'LazyData' is specified without a 'data' directory
Flavors: r-devel-linux-x86_64-debian-clang, r-devel-linux-x86_64-debian-gcc, r-devel-linux-x86_64-fedora-clang, r-devel-linux-x86_64-fedora-gcc, r-devel-windows-x86_64, r-patched-linux-x86_64, r-release-linux-x86_64, r-release-macos-arm64, r-release-windows-x86_64, r-oldrel-macos-arm64, r-oldrel-macos-x86_64, r-oldrel-windows-x86_64