Last updated on 2024-05-04 13:49:04 CEST.
Flavor | Version | Tinstall | Tcheck | Ttotal | Status | Flags |
---|---|---|---|---|---|---|
r-devel-linux-x86_64-debian-clang | 0.1.0 | 13.48 | 127.02 | 140.50 | OK | |
r-devel-linux-x86_64-debian-gcc | 0.1.0 | 11.11 | 90.26 | 101.37 | OK | |
r-devel-linux-x86_64-fedora-clang | 0.1.0 | 180.06 | NOTE | |||
r-devel-linux-x86_64-fedora-gcc | 0.1.0 | 168.38 | NOTE | |||
r-devel-windows-x86_64 | 0.1.0 | 14.00 | 100.00 | 114.00 | OK | |
r-patched-linux-x86_64 | 0.1.0 | 12.53 | 117.00 | 129.53 | OK | |
r-release-linux-x86_64 | 0.1.0 | 11.33 | 116.55 | 127.88 | OK | |
r-release-macos-arm64 | 0.1.0 | 47.00 | OK | |||
r-release-macos-x86_64 | 0.1.0 | 88.00 | OK | |||
r-release-windows-x86_64 | 0.1.0 | 12.00 | 97.00 | 109.00 | OK | |
r-oldrel-macos-arm64 | 0.1.0 | 53.00 | OK | |||
r-oldrel-macos-x86_64 | 0.1.0 | 84.00 | OK | |||
r-oldrel-windows-x86_64 | 0.1.0 | 19.00 | 118.00 | 137.00 | OK |
Version: 0.1.0
Check: dependencies in R code
Result: NOTE
Namespaces in Imports field not imported from:
‘reticulate’ ‘tensorflow’
All declared Imports should be used.
Flavors: r-devel-linux-x86_64-fedora-clang, r-devel-linux-x86_64-fedora-gcc