Last updated on 2024-05-04 09:49:33 CEST.
Flavor | Version | Tinstall | Tcheck | Ttotal | Status | Flags |
---|---|---|---|---|---|---|
r-devel-linux-x86_64-debian-clang | 0.9.1 | 21.85 | 277.03 | 298.88 | NOTE | |
r-devel-linux-x86_64-debian-gcc | 0.9.1 | 16.15 | 199.85 | 216.00 | NOTE | |
r-devel-linux-x86_64-fedora-clang | 0.9.1 | 369.66 | NOTE | |||
r-devel-linux-x86_64-fedora-gcc | 0.9.1 | 493.13 | NOTE | |||
r-devel-windows-x86_64 | 0.9.1 | 16.00 | 204.00 | 220.00 | NOTE | |
r-patched-linux-x86_64 | 0.9.1 | 12.37 | 266.79 | 279.16 | NOTE | |
r-release-linux-x86_64 | 0.9.1 | 12.71 | 264.42 | 277.13 | NOTE | |
r-release-macos-arm64 | 0.9.1 | 99.00 | NOTE | |||
r-release-windows-x86_64 | 0.9.1 | 18.00 | 204.00 | 222.00 | NOTE | |
r-oldrel-macos-arm64 | 0.9.1 | 174.00 | NOTE | |||
r-oldrel-macos-x86_64 | 0.9.1 | 209.00 | NOTE | |||
r-oldrel-windows-x86_64 | 0.9.1 | 22.00 | 265.00 | 287.00 | NOTE |
Version: 0.9.1
Check: LazyData
Result: NOTE
'LazyData' is specified without a 'data' directory
Flavors: r-devel-linux-x86_64-debian-clang, r-devel-linux-x86_64-debian-gcc, r-devel-linux-x86_64-fedora-clang, r-devel-linux-x86_64-fedora-gcc, r-devel-windows-x86_64, r-patched-linux-x86_64, r-release-linux-x86_64, r-release-macos-arm64, r-release-windows-x86_64, r-oldrel-macos-arm64, r-oldrel-macos-x86_64, r-oldrel-windows-x86_64