Last updated on 2024-05-04 13:49:04 CEST.
Flavor | Version | Tinstall | Tcheck | Ttotal | Status | Flags |
---|---|---|---|---|---|---|
r-devel-linux-x86_64-debian-clang | 0.1-3 | 3.53 | 41.31 | 44.84 | OK | |
r-devel-linux-x86_64-debian-gcc | 0.1-3 | 2.74 | 31.35 | 34.09 | OK | |
r-devel-linux-x86_64-fedora-clang | 0.1-3 | 59.57 | NOTE | |||
r-devel-linux-x86_64-fedora-gcc | 0.1-3 | 55.39 | OK | |||
r-devel-windows-x86_64 | 0.1-3 | 5.00 | 53.00 | 58.00 | OK | |
r-patched-linux-x86_64 | 0.1-3 | 3.41 | 39.61 | 43.02 | OK | |
r-release-linux-x86_64 | 0.1-3 | 3.38 | 39.78 | 43.16 | OK | |
r-release-macos-arm64 | 0.1-3 | 20.00 | OK | |||
r-release-windows-x86_64 | 0.1-3 | 5.00 | 53.00 | 58.00 | OK | |
r-oldrel-macos-arm64 | 0.1-3 | 21.00 | OK | |||
r-oldrel-macos-x86_64 | 0.1-3 | 36.00 | NOTE | |||
r-oldrel-windows-x86_64 | 0.1-3 | 5.00 | 56.00 | 61.00 | OK |
Version: 0.1-3
Check: Rd cross-references
Result: NOTE
Undeclared package ‘carData’ in Rd xrefs
Flavor: r-devel-linux-x86_64-fedora-clang
Version: 0.1-3
Check: package dependencies
Result: NOTE
Packages suggested but not available for checking: 'DIFboost', 'VGAMdata'
Flavor: r-oldrel-macos-x86_64
Version: 0.1-3
Check: Rd cross-references
Result: NOTE
Package unavailable to check Rd xrefs: ‘DIFboost’
Flavor: r-oldrel-macos-x86_64