Last updated on 2024-05-04 13:49:04 CEST.
Flavor | Version | Tinstall | Tcheck | Ttotal | Status | Flags |
---|---|---|---|---|---|---|
r-devel-linux-x86_64-debian-clang | 1.3.0 | 663.64 | 32.57 | 696.21 | OK | |
r-devel-linux-x86_64-debian-gcc | 1.3.0 | 627.51 | 54.52 | 682.03 | OK | |
r-devel-linux-x86_64-fedora-clang | 1.3.0 | 838.78 | OK | |||
r-devel-linux-x86_64-fedora-gcc | 1.3.0 | 1245.61 | OK | |||
r-devel-windows-x86_64 | 1.3.0 | 356.00 | 122.00 | 478.00 | OK | |
r-patched-linux-x86_64 | 1.3.0 | 709.91 | 68.48 | 778.39 | OK | |
r-release-linux-x86_64 | 1.2.3 | 591.46 | 62.27 | 653.73 | NOTE | |
r-release-macos-arm64 | 1.3.0 | 223.00 | NOTE | |||
r-release-macos-x86_64 | 1.3.0 | 226.00 | NOTE | |||
r-release-windows-x86_64 | 1.3.0 | 314.00 | 116.00 | 430.00 | OK | |
r-oldrel-macos-arm64 | 1.3.0 | 211.00 | NOTE | |||
r-oldrel-macos-x86_64 | 1.3.0 | 228.00 | NOTE | |||
r-oldrel-windows-x86_64 | 1.3.0 | 358.00 | 121.00 | 479.00 | OK |
Version: 1.2.3
Check: C++ specification
Result: NOTE
Specified C++11: please drop specification unless essential
Flavor: r-release-linux-x86_64
Version: 1.3.0
Check: installed package size
Result: NOTE
installed size is 162.9Mb
sub-directories of 1Mb or more:
libs 162.8Mb
Flavors: r-release-macos-arm64, r-release-macos-x86_64, r-oldrel-macos-arm64, r-oldrel-macos-x86_64