Last updated on 2024-05-04 13:49:05 CEST.
Flavor | Version | Tinstall | Tcheck | Ttotal | Status | Flags |
---|---|---|---|---|---|---|
r-devel-linux-x86_64-debian-clang | 3.0.2 | 29.59 | 55.26 | 84.85 | OK | |
r-devel-linux-x86_64-debian-gcc | 3.0.2 | 19.76 | 42.46 | 62.22 | OK | |
r-devel-linux-x86_64-fedora-clang | 3.0.2 | 118.03 | OK | |||
r-devel-linux-x86_64-fedora-gcc | 3.0.2 | 124.95 | OK | |||
r-devel-windows-x86_64 | 3.0.2 | 20.00 | 72.00 | 92.00 | NOTE | |
r-patched-linux-x86_64 | 3.0.2 | 22.86 | 52.99 | 75.85 | OK | |
r-release-linux-x86_64 | 3.0.2 | 22.14 | 53.93 | 76.07 | OK | |
r-release-macos-arm64 | 3.0.2 | 46.00 | OK | |||
r-release-macos-x86_64 | 3.0.2 | 75.00 | OK | |||
r-release-windows-x86_64 | 3.0.2 | 20.00 | 73.00 | 93.00 | NOTE | |
r-oldrel-macos-arm64 | 3.0.2 | 43.00 | OK | |||
r-oldrel-macos-x86_64 | 3.0.2 | 63.00 | OK | |||
r-oldrel-windows-x86_64 | 3.0.2 | 25.00 | 86.00 | 111.00 | NOTE |
Version: 3.0.2
Check: installed package size
Result: NOTE
installed size is 5.1Mb
sub-directories of 1Mb or more:
extdata 4.0Mb
Flavors: r-devel-windows-x86_64, r-release-windows-x86_64, r-oldrel-windows-x86_64