Last updated on 2024-05-04 09:49:34 CEST.
Flavor | Version | Tinstall | Tcheck | Ttotal | Status | Flags |
---|---|---|---|---|---|---|
r-devel-linux-x86_64-debian-clang | 2.0.0 | 6.59 | 209.50 | 216.09 | OK | |
r-devel-linux-x86_64-debian-gcc | 2.0.0 | 4.60 | 210.38 | 214.98 | OK | |
r-devel-linux-x86_64-fedora-clang | 2.0.0 | 276.85 | OK | |||
r-devel-linux-x86_64-fedora-gcc | 2.0.0 | 369.08 | OK | |||
r-devel-windows-x86_64 | 2.0.0 | 8.00 | 289.00 | 297.00 | OK | |
r-patched-linux-x86_64 | 2.0.0 | 4.11 | 241.32 | 245.43 | OK | |
r-release-linux-x86_64 | 2.0.0 | 4.10 | 240.70 | 244.80 | OK | |
r-release-macos-arm64 | 2.0.0 | 169.00 | OK | |||
r-release-macos-x86_64 | 2.0.0 | 7.00 | ERROR | |||
r-release-windows-x86_64 | 2.0.0 | 6.00 | 280.00 | 286.00 | OK | |
r-oldrel-macos-arm64 | 2.0.0 | 180.00 | OK | |||
r-oldrel-macos-x86_64 | 2.0.0 | 344.00 | OK | |||
r-oldrel-windows-x86_64 | 2.0.0 | 8.00 | 348.00 | 356.00 | OK |
Version: 2.0.0
Check: package dependencies
Result: ERROR
Package required but not available: ‘arrow’
See section ‘The DESCRIPTION file’ in the ‘Writing R Extensions’
manual.
Flavor: r-release-macos-x86_64