Last updated on 2024-05-04 09:49:34 CEST.
Flavor | Version | Tinstall | Tcheck | Ttotal | Status | Flags |
---|---|---|---|---|---|---|
r-devel-linux-x86_64-debian-clang | 0.1.0 | 2.42 | 40.12 | 42.54 | NOTE | |
r-devel-linux-x86_64-debian-gcc | 0.1.0 | 1.87 | 30.84 | 32.71 | NOTE | |
r-devel-linux-x86_64-fedora-clang | 0.1.0 | 56.89 | NOTE | |||
r-devel-linux-x86_64-fedora-gcc | 0.1.0 | 52.22 | NOTE | |||
r-devel-windows-x86_64 | 0.1.0 | 3.00 | 59.00 | 62.00 | NOTE | |
r-patched-linux-x86_64 | 0.1.0 | 3.15 | 38.98 | 42.13 | NOTE | |
r-release-linux-x86_64 | 0.1.0 | 2.05 | 38.82 | 40.87 | NOTE | |
r-release-macos-arm64 | 0.1.0 | 19.00 | NOTE | |||
r-release-windows-x86_64 | 0.1.0 | 5.00 | 79.00 | 84.00 | NOTE | |
r-oldrel-macos-arm64 | 0.1.0 | 21.00 | OK | |||
r-oldrel-macos-x86_64 | 0.1.0 | 33.00 | OK | |||
r-oldrel-windows-x86_64 | 0.1.0 | 4.00 | 62.00 | 66.00 | OK |
Version: 0.1.0
Check: Rd files
Result: NOTE
checkRd: (-1) FuzzyCluster.Rd:15: Lost braces; missing escapes or markup?
15 | A list of cluster labels and a R object of class "fcm {ppclust}"
| ^
checkRd: (-1) pamCluster.Rd:15: Lost braces; missing escapes or markup?
15 | A list of cluster labels and a R object of class "pam {cluster}"
| ^
Flavors: r-devel-linux-x86_64-debian-clang, r-devel-linux-x86_64-debian-gcc, r-devel-linux-x86_64-fedora-clang, r-devel-linux-x86_64-fedora-gcc, r-devel-windows-x86_64, r-patched-linux-x86_64, r-release-linux-x86_64, r-release-macos-arm64, r-release-windows-x86_64