Last updated on 2024-05-04 13:49:05 CEST.
Flavor | Version | Tinstall | Tcheck | Ttotal | Status | Flags |
---|---|---|---|---|---|---|
r-devel-linux-x86_64-debian-clang | 1.0 | 29.46 | 163.70 | 193.16 | OK | |
r-devel-linux-x86_64-debian-gcc | 1.0 | 22.32 | 118.37 | 140.69 | OK | |
r-devel-linux-x86_64-fedora-clang | 1.0 | 233.41 | NOTE | |||
r-devel-linux-x86_64-fedora-gcc | 1.0 | 234.25 | NOTE | |||
r-devel-windows-x86_64 | 1.0 | 20.00 | 121.00 | 141.00 | OK | |
r-patched-linux-x86_64 | 1.0 | 28.30 | 157.96 | 186.26 | OK | |
r-release-linux-x86_64 | 1.0 | 18.03 | 153.86 | 171.89 | OK | |
r-release-macos-arm64 | 1.0 | 61.00 | OK | |||
r-release-windows-x86_64 | 1.0 | 21.00 | 122.00 | 143.00 | OK | |
r-oldrel-macos-arm64 | 1.0 | 65.00 | OK | |||
r-oldrel-macos-x86_64 | 1.0 | 135.00 | OK | |||
r-oldrel-windows-x86_64 | 1.0 | 28.00 | 155.00 | 183.00 | OK |
Version: 1.0
Check: dependencies in R code
Result: NOTE
Namespaces in Imports field not imported from:
‘KMsurv’ ‘MLEcens’ ‘lubridate’ ‘msm’ ‘perm’
All declared Imports should be used.
Flavors: r-devel-linux-x86_64-fedora-clang, r-devel-linux-x86_64-fedora-gcc