Last updated on 2024-05-04 13:49:05 CEST.
Flavor | Version | Tinstall | Tcheck | Ttotal | Status | Flags |
---|---|---|---|---|---|---|
r-devel-linux-x86_64-debian-clang | 1.1.1 | 17.13 | 159.43 | 176.56 | NOTE | |
r-devel-linux-x86_64-debian-gcc | 1.1.1 | 13.22 | 112.63 | 125.85 | NOTE | |
r-devel-linux-x86_64-fedora-clang | 1.1.1 | 222.36 | NOTE | |||
r-devel-linux-x86_64-fedora-gcc | 1.1.1 | 211.30 | NOTE | |||
r-devel-windows-x86_64 | 1.1.1 | 15.00 | 114.00 | 129.00 | NOTE | |
r-patched-linux-x86_64 | 1.1.1 | 10.61 | 151.83 | 162.44 | NOTE | |
r-release-linux-x86_64 | 1.1.1 | 13.20 | 149.51 | 162.71 | NOTE | |
r-release-macos-arm64 | 1.1.1 | 57.00 | NOTE | |||
r-release-windows-x86_64 | 1.1.1 | 14.00 | 114.00 | 128.00 | NOTE | |
r-oldrel-macos-arm64 | 1.1.1 | 65.00 | OK | |||
r-oldrel-macos-x86_64 | 1.1.1 | 104.00 | OK | |||
r-oldrel-windows-x86_64 | 1.1.1 | 19.00 | 147.00 | 166.00 | OK |
Version: 1.1.1
Check: Rd files
Result: NOTE
checkRd: (-1) FADPclust.Rd:28: Lost braces in \itemize; \value handles \item{}{} directly
checkRd: (-1) FADPclust.Rd:29: Lost braces in \itemize; \value handles \item{}{} directly
checkRd: (-1) FADPclust.Rd:30: Lost braces in \itemize; \value handles \item{}{} directly
checkRd: (-1) FADPclust.Rd:31: Lost braces in \itemize; \value handles \item{}{} directly
checkRd: (-1) FADPclust.Rd:32: Lost braces in \itemize; \value handles \item{}{} directly
checkRd: (-1) FADPclust.Rd:33: Lost braces in \itemize; \value handles \item{}{} directly
checkRd: (-1) FADPclust.Rd:34: Lost braces in \itemize; \value handles \item{}{} directly
checkRd: (-1) FADPclust.Rd:35: Lost braces in \itemize; \value handles \item{}{} directly
checkRd: (-1) FADPclust.Rd:36: Lost braces in \itemize; \value handles \item{}{} directly
checkRd: (-1) FADPclust.Rd:37: Lost braces in \itemize; \value handles \item{}{} directly
Flavors: r-devel-linux-x86_64-debian-clang, r-devel-linux-x86_64-debian-gcc, r-devel-linux-x86_64-fedora-clang, r-devel-linux-x86_64-fedora-gcc, r-devel-windows-x86_64, r-patched-linux-x86_64, r-release-linux-x86_64, r-release-macos-arm64, r-release-windows-x86_64