Last updated on 2024-05-04 13:49:05 CEST.
Flavor | Version | Tinstall | Tcheck | Ttotal | Status | Flags |
---|---|---|---|---|---|---|
r-devel-linux-x86_64-debian-clang | 2.6 | 3.01 | 45.97 | 48.98 | NOTE | |
r-devel-linux-x86_64-debian-gcc | 2.6 | 3.30 | 34.91 | 38.21 | NOTE | |
r-devel-linux-x86_64-fedora-clang | 2.6 | 64.55 | NOTE | |||
r-devel-linux-x86_64-fedora-gcc | 2.6 | 61.99 | NOTE | |||
r-devel-windows-x86_64 | 2.6 | 5.00 | 57.00 | 62.00 | NOTE | |
r-patched-linux-x86_64 | 2.6 | 4.77 | 45.07 | 49.84 | NOTE | |
r-release-linux-x86_64 | 2.6 | 4.11 | 44.57 | 48.68 | NOTE | |
r-release-macos-arm64 | 2.6 | 24.00 | NOTE | |||
r-release-macos-x86_64 | 2.6 | 71.00 | OK | |||
r-release-windows-x86_64 | 2.6 | 3.00 | 64.00 | 67.00 | NOTE | |
r-oldrel-macos-arm64 | 2.6 | 26.00 | OK | |||
r-oldrel-macos-x86_64 | 2.6 | 47.00 | OK | |||
r-oldrel-windows-x86_64 | 2.6 | 5.00 | 61.00 | 66.00 | OK |
Version: 2.6
Check: Rd files
Result: NOTE
checkRd: (-1) pi0FAMT.Rd:18: Lost braces
18 | \code{pi0}{The estimated proportion \code{pi0} of null hypotheses.}}
| ^
Flavors: r-devel-linux-x86_64-debian-clang, r-devel-linux-x86_64-debian-gcc, r-devel-linux-x86_64-fedora-clang, r-devel-linux-x86_64-fedora-gcc, r-devel-windows-x86_64, r-patched-linux-x86_64, r-release-linux-x86_64, r-release-macos-arm64, r-release-windows-x86_64