Last updated on 2024-05-04 09:49:34 CEST.
Flavor | Version | Tinstall | Tcheck | Ttotal | Status | Flags |
---|---|---|---|---|---|---|
r-devel-linux-x86_64-debian-clang | 1.3.0 | 12.05 | 65.58 | 77.63 | NOTE | |
r-devel-linux-x86_64-debian-gcc | 1.3.0 | 8.63 | 48.23 | 56.86 | NOTE | |
r-devel-linux-x86_64-fedora-clang | 1.3.0 | 94.08 | NOTE | |||
r-devel-linux-x86_64-fedora-gcc | 1.3.0 | 90.36 | NOTE | |||
r-devel-windows-x86_64 | 1.3.0 | 9.00 | 74.00 | 83.00 | NOTE | |
r-patched-linux-x86_64 | 1.3.0 | 13.07 | 61.40 | 74.47 | NOTE | |
r-release-linux-x86_64 | 1.3.0 | 10.11 | 62.44 | 72.55 | NOTE | |
r-release-macos-arm64 | 1.3.0 | 28.00 | NOTE | |||
r-release-windows-x86_64 | 1.3.0 | 9.00 | 70.00 | 79.00 | NOTE | |
r-oldrel-macos-arm64 | 1.3.0 | 35.00 | OK | |||
r-oldrel-macos-x86_64 | 1.3.0 | 57.00 | NOTE | |||
r-oldrel-windows-x86_64 | 1.3.0 | 14.00 | 80.00 | 94.00 | OK |
Version: 1.3.0
Check: Rd files
Result: NOTE
checkRd: (-1) fcs.Rd:36: Lost braces; missing escapes or markup?
36 | The argument nPoints must be smaller than the total number of temporal observations N, it is recommended to set nPoints = 2^n, with n = {2, ..., infinity}.
| ^
Flavors: r-devel-linux-x86_64-debian-clang, r-devel-linux-x86_64-debian-gcc, r-devel-linux-x86_64-fedora-clang, r-devel-linux-x86_64-fedora-gcc, r-devel-windows-x86_64, r-patched-linux-x86_64, r-release-linux-x86_64, r-release-macos-arm64, r-release-windows-x86_64
Version: 1.3.0
Check: installed package size
Result: NOTE
installed size is 5.9Mb
sub-directories of 1Mb or more:
data 5.8Mb
Flavor: r-oldrel-macos-x86_64