Last updated on 2024-05-04 13:49:06 CEST.
Flavor | Version | Tinstall | Tcheck | Ttotal | Status | Flags |
---|---|---|---|---|---|---|
r-devel-linux-x86_64-debian-clang | 0.1.0 | 0.47 | 2.21 | 2.68 | ERROR | |
r-devel-linux-x86_64-debian-gcc | 0.1.0 | 25.02 | 241.38 | 266.40 | OK | |
r-devel-linux-x86_64-fedora-clang | 0.1.0 | 475.29 | NOTE | |||
r-devel-linux-x86_64-fedora-gcc | 0.1.0 | 423.66 | NOTE | |||
r-devel-windows-x86_64 | 0.1.0 | 28.00 | 225.00 | 253.00 | OK | |
r-patched-linux-x86_64 | 0.1.0 | 26.17 | 310.30 | 336.47 | OK | |
r-release-linux-x86_64 | 0.1.0 | 26.86 | 310.54 | 337.40 | OK | |
r-release-macos-arm64 | 0.1.0 | 119.00 | OK | |||
r-release-macos-x86_64 | 0.1.0 | 229.00 | OK | |||
r-release-windows-x86_64 | 0.1.0 | 28.00 | 231.00 | 259.00 | OK | |
r-oldrel-macos-arm64 | 0.1.0 | 135.00 | OK | |||
r-oldrel-macos-x86_64 | 0.1.0 | 224.00 | OK | |||
r-oldrel-windows-x86_64 | 0.1.0 | 37.00 | 299.00 | 336.00 | OK |
Version: 0.1.0
Check: package dependencies
Result: ERROR
Package required but not available: ‘WGCNA’
See section ‘The DESCRIPTION file’ in the ‘Writing R Extensions’
manual.
Flavor: r-devel-linux-x86_64-debian-clang
Version: 0.1.0
Check: dependencies in R code
Result: NOTE
Namespace in Imports field not imported from: ‘MASS’
All declared Imports should be used.
Flavors: r-devel-linux-x86_64-fedora-clang, r-devel-linux-x86_64-fedora-gcc