Last updated on 2024-05-04 09:49:35 CEST.
Flavor | Version | Tinstall | Tcheck | Ttotal | Status | Flags |
---|---|---|---|---|---|---|
r-devel-linux-x86_64-debian-clang | 3.4.7 | 122.46 | 198.93 | 321.39 | OK | |
r-devel-linux-x86_64-debian-gcc | 3.4.7 | 101.52 | 139.68 | 241.20 | OK | |
r-devel-linux-x86_64-fedora-clang | 3.4.7 | 422.81 | OK | |||
r-devel-linux-x86_64-fedora-gcc | 3.4.7 | 428.18 | OK | |||
r-devel-windows-x86_64 | 3.4.7 | 95.00 | 165.00 | 260.00 | OK | |
r-patched-linux-x86_64 | 3.4.7 | 99.36 | 189.89 | 289.25 | OK | |
r-release-linux-x86_64 | 3.4.7 | 92.27 | 181.02 | 273.29 | OK | |
r-release-macos-arm64 | 3.4.7 | 80.00 | NOTE | |||
r-release-windows-x86_64 | 3.4.7 | 96.00 | 182.00 | 278.00 | OK | |
r-oldrel-macos-arm64 | 3.4.7 | 103.00 | NOTE | |||
r-oldrel-macos-x86_64 | 3.4.7 | 233.00 | NOTE | |||
r-oldrel-windows-x86_64 | 3.4.7 | 119.00 | 210.00 | 329.00 | OK |
Version: 3.4.7
Check: installed package size
Result: NOTE
installed size is 9.1Mb
sub-directories of 1Mb or more:
doc 1.7Mb
libs 6.2Mb
Flavors: r-release-macos-arm64, r-oldrel-macos-arm64, r-oldrel-macos-x86_64