Last updated on 2024-05-04 13:49:06 CEST.
Flavor | Version | Tinstall | Tcheck | Ttotal | Status | Flags |
---|---|---|---|---|---|---|
r-devel-linux-x86_64-debian-clang | 2024.1-30 | 9.68 | 80.88 | 90.56 | OK | |
r-devel-linux-x86_64-debian-gcc | 2024.1-30 | 6.24 | 59.51 | 65.75 | OK | |
r-devel-linux-x86_64-fedora-clang | 2024.1-30 | 2.71 | ERROR | |||
r-devel-linux-x86_64-fedora-gcc | 2024.1-30 | 130.18 | OK | |||
r-devel-windows-x86_64 | 2024.1-30 | 8.00 | 72.00 | 80.00 | OK | |
r-patched-linux-x86_64 | 2024.1-30 | 7.96 | 72.97 | 80.93 | OK | |
r-release-linux-x86_64 | 2024.1-30 | 8.80 | 75.65 | 84.45 | OK | |
r-release-macos-arm64 | 2024.1-30 | 40.00 | OK | |||
r-release-macos-x86_64 | 2024.1-30 | 119.00 | OK | |||
r-release-windows-x86_64 | 2024.1-30 | 8.00 | 72.00 | 80.00 | OK | |
r-oldrel-macos-arm64 | 2024.1-30 | 46.00 | OK | |||
r-oldrel-macos-x86_64 | 2024.1-30 | 106.00 | OK | |||
r-oldrel-windows-x86_64 | 2024.1-30 | 9.00 | 83.00 | 92.00 | OK |
Version: 2024.1-30
Check: package dependencies
Result: ERROR
Package required but not available: ‘kyotil’
See section ‘The DESCRIPTION file’ in the ‘Writing R Extensions’
manual.
Flavor: r-devel-linux-x86_64-fedora-clang