Last updated on 2024-05-04 13:49:05 CEST.
Flavor | Version | Tinstall | Tcheck | Ttotal | Status | Flags |
---|---|---|---|---|---|---|
r-devel-linux-x86_64-debian-clang | 1.4.2 | 702.74 | 137.21 | 839.95 | OK | |
r-devel-linux-x86_64-debian-gcc | 1.4.2 | 594.44 | 136.27 | 730.71 | OK | |
r-devel-linux-x86_64-fedora-clang | 1.4.2 | 1069.43 | OK | |||
r-devel-linux-x86_64-fedora-gcc | 1.4.2 | 1281.00 | OK | |||
r-devel-windows-x86_64 | 1.4.2 | 468.00 | 172.00 | 640.00 | OK | |
r-patched-linux-x86_64 | 1.4.2 | 572.74 | 176.10 | 748.84 | OK | |
r-release-linux-x86_64 | 1.4.2 | 647.60 | 176.83 | 824.43 | OK | |
r-release-macos-arm64 | 1.4.2 | 222.00 | NOTE | |||
r-release-macos-x86_64 | 1.4.2 | 201.00 | NOTE | |||
r-release-windows-x86_64 | 1.4.2 | 469.00 | 164.00 | 633.00 | OK | |
r-oldrel-macos-arm64 | 1.4.2 | 232.00 | NOTE | |||
r-oldrel-macos-x86_64 | 1.4.2 | 246.00 | NOTE | |||
r-oldrel-windows-x86_64 | 1.4.2 | 415.00 | 213.00 | 628.00 | OK |
Version: 1.4.2
Check: installed package size
Result: NOTE
installed size is 50.2Mb
sub-directories of 1Mb or more:
libs 49.8Mb
Flavors: r-release-macos-arm64, r-release-macos-x86_64, r-oldrel-macos-arm64, r-oldrel-macos-x86_64