Last updated on 2024-05-04 09:49:34 CEST.
Flavor | Version | Tinstall | Tcheck | Ttotal | Status | Flags |
---|---|---|---|---|---|---|
r-devel-linux-x86_64-debian-clang | 0.2.0 | 4.08 | 45.38 | 49.46 | OK | |
r-devel-linux-x86_64-debian-gcc | 0.2.0 | 3.23 | 34.39 | 37.62 | OK | |
r-devel-linux-x86_64-fedora-clang | 0.2.0 | 70.80 | NOTE | |||
r-devel-linux-x86_64-fedora-gcc | 0.2.0 | 73.52 | NOTE | |||
r-devel-windows-x86_64 | 0.2.0 | 5.00 | 63.00 | 68.00 | OK | |
r-patched-linux-x86_64 | 0.2.0 | 2.86 | 44.34 | 47.20 | OK | |
r-release-linux-x86_64 | 0.2.0 | 3.54 | 44.27 | 47.81 | OK | |
r-release-macos-arm64 | 0.2.0 | 28.00 | OK | |||
r-release-windows-x86_64 | 0.2.0 | 5.00 | 62.00 | 67.00 | OK | |
r-oldrel-macos-arm64 | 0.2.0 | 31.00 | OK | |||
r-oldrel-macos-x86_64 | 0.2.0 | 40.00 | OK | |||
r-oldrel-windows-x86_64 | 0.2.0 | 6.00 | 62.00 | 68.00 | OK |
Version: 0.2.0
Check: dependencies in R code
Result: NOTE
Namespaces in Imports field not imported from:
‘knitr’ ‘rmarkdown’ ‘utils’
All declared Imports should be used.
Flavors: r-devel-linux-x86_64-fedora-clang, r-devel-linux-x86_64-fedora-gcc