Last updated on 2024-05-04 09:49:35 CEST.
Flavor | Version | Tinstall | Tcheck | Ttotal | Status | Flags |
---|---|---|---|---|---|---|
r-devel-linux-x86_64-debian-clang | 1.1.2 | 4.18 | 42.00 | 46.18 | OK | |
r-devel-linux-x86_64-debian-gcc | 1.1.2 | 3.42 | 32.68 | 36.10 | OK | |
r-devel-linux-x86_64-fedora-clang | 1.1.2 | 62.21 | NOTE | |||
r-devel-linux-x86_64-fedora-gcc | 1.1.2 | 73.29 | NOTE | |||
r-devel-windows-x86_64 | 1.1.2 | 6.00 | 72.00 | 78.00 | OK | |
r-patched-linux-x86_64 | 1.1.2 | 3.97 | 41.02 | 44.99 | OK | |
r-release-linux-x86_64 | 1.1.1 | 3.31 | 41.21 | 44.52 | OK | |
r-release-macos-arm64 | 1.1.2 | 30.00 | OK | |||
r-release-macos-x86_64 | 1.1.2 | 71.00 | OK | |||
r-release-windows-x86_64 | 1.1.2 | 6.00 | 71.00 | 77.00 | OK | |
r-oldrel-macos-arm64 | 1.1.2 | 34.00 | OK | |||
r-oldrel-macos-x86_64 | 1.1.2 | 52.00 | OK | |||
r-oldrel-windows-x86_64 | 1.1.2 | 6.00 | 59.00 | 65.00 | OK |
Version: 1.1.2
Check: dependencies in R code
Result: NOTE
Namespaces in Imports field not imported from:
‘TreeSim’ ‘shinyjs’
All declared Imports should be used.
Flavors: r-devel-linux-x86_64-fedora-clang, r-devel-linux-x86_64-fedora-gcc