Last updated on 2024-05-04 13:49:06 CEST.
Flavor | Version | Tinstall | Tcheck | Ttotal | Status | Flags |
---|---|---|---|---|---|---|
r-devel-linux-x86_64-debian-clang | 0.2 | 21.89 | 176.46 | 198.35 | NOTE | |
r-devel-linux-x86_64-debian-gcc | 0.2 | 13.50 | 126.83 | 140.33 | NOTE | |
r-devel-linux-x86_64-fedora-clang | 0.2 | 244.97 | NOTE | |||
r-devel-linux-x86_64-fedora-gcc | 0.2 | 238.89 | NOTE | |||
r-devel-windows-x86_64 | 0.2 | 16.00 | 173.00 | 189.00 | NOTE | |
r-patched-linux-x86_64 | 0.2 | 17.45 | 168.06 | 185.51 | NOTE | |
r-release-linux-x86_64 | 0.2 | 16.98 | 172.37 | 189.35 | NOTE | |
r-release-macos-arm64 | 0.2 | 68.00 | NOTE | |||
r-release-windows-x86_64 | 0.2 | 16.00 | 173.00 | 189.00 | NOTE | |
r-oldrel-macos-arm64 | 0.2 | 71.00 | NOTE | |||
r-oldrel-macos-x86_64 | 0.2 | 121.00 | NOTE | |||
r-oldrel-windows-x86_64 | 0.2 | 17.00 | 191.00 | 208.00 | NOTE |
Version: 0.2
Check: LazyData
Result: NOTE
'LazyData' is specified without a 'data' directory
Flavors: r-devel-linux-x86_64-debian-clang, r-devel-linux-x86_64-debian-gcc, r-devel-linux-x86_64-fedora-clang, r-devel-linux-x86_64-fedora-gcc, r-devel-windows-x86_64, r-patched-linux-x86_64, r-release-linux-x86_64, r-release-macos-arm64, r-release-windows-x86_64, r-oldrel-macos-arm64, r-oldrel-macos-x86_64, r-oldrel-windows-x86_64