Last updated on 2024-05-04 13:49:06 CEST.
Flavor | Version | Tinstall | Tcheck | Ttotal | Status | Flags |
---|---|---|---|---|---|---|
r-devel-linux-x86_64-debian-clang | 1.4 | 0.70 | 2.28 | 2.98 | ERROR | |
r-devel-linux-x86_64-debian-gcc | 1.4 | 7.62 | 97.23 | 104.85 | OK | |
r-devel-linux-x86_64-fedora-clang | 1.4 | 193.83 | OK | |||
r-devel-linux-x86_64-fedora-gcc | 1.4 | 179.29 | OK | |||
r-devel-windows-x86_64 | 1.4 | 11.00 | 111.00 | 122.00 | OK | |
r-patched-linux-x86_64 | 1.4 | 8.62 | 120.67 | 129.29 | OK | |
r-release-linux-x86_64 | 1.4 | 7.73 | 124.53 | 132.26 | OK | |
r-release-macos-arm64 | 1.4 | 54.00 | OK | |||
r-release-macos-x86_64 | 1.4 | 147.00 | OK | |||
r-release-windows-x86_64 | 1.4 | 12.00 | 114.00 | 126.00 | OK | |
r-oldrel-macos-arm64 | 1.4 | 60.00 | OK | |||
r-oldrel-macos-x86_64 | 1.4 | 123.00 | OK | |||
r-oldrel-windows-x86_64 | 1.4 | 12.00 | 135.00 | 147.00 | OK |
Version: 1.4
Check: package dependencies
Result: ERROR
Package required but not available: ‘rtracklayer’
See section ‘The DESCRIPTION file’ in the ‘Writing R Extensions’
manual.
Flavor: r-devel-linux-x86_64-debian-clang