Last updated on 2024-05-04 09:49:36 CEST.
Flavor | Version | Tinstall | Tcheck | Ttotal | Status | Flags |
---|---|---|---|---|---|---|
r-devel-linux-x86_64-debian-clang | 1.4.2 | 57.40 | 258.26 | 315.66 | NOTE | |
r-devel-linux-x86_64-debian-gcc | 1.4.2 | 56.31 | 253.53 | 309.84 | OK | |
r-devel-linux-x86_64-fedora-clang | 1.4.2 | 479.70 | OK | |||
r-devel-linux-x86_64-fedora-gcc | 1.4.2 | 530.46 | OK | |||
r-devel-windows-x86_64 | 1.4.2 | 65.00 | 340.00 | 405.00 | NOTE | |
r-patched-linux-x86_64 | 1.4.2 | 54.00 | 339.71 | 393.71 | OK | |
r-release-linux-x86_64 | 1.4.2 | 60.93 | 336.09 | 397.02 | OK | |
r-release-macos-arm64 | 1.4.2 | 175.00 | NOTE | |||
r-release-windows-x86_64 | 1.4.2 | 62.00 | 330.00 | 392.00 | NOTE | |
r-oldrel-macos-arm64 | 1.4.2 | 321.00 | NOTE | |||
r-oldrel-macos-x86_64 | 1.4.2 | 953.00 | NOTE | |||
r-oldrel-windows-x86_64 | 1.4.2 | 75.00 | 369.00 | 444.00 | NOTE |
Version: 1.4.2
Check: package dependencies
Result: NOTE
Packages suggested but not available for checking:
'SeqArray', 'SeqVarTools'
Flavors: r-devel-linux-x86_64-debian-clang, r-release-macos-arm64
Version: 1.4.2
Check: package dependencies
Result: NOTE
Package suggested but not available for checking: 'doMC'
Flavors: r-devel-windows-x86_64, r-release-windows-x86_64, r-oldrel-windows-x86_64
Version: 1.4.2
Check: installed package size
Result: NOTE
installed size is 7.6Mb
sub-directories of 1Mb or more:
libs 5.7Mb
Flavors: r-release-macos-arm64, r-oldrel-macos-arm64, r-oldrel-macos-x86_64
Version: 1.4.2
Check: package dependencies
Result: NOTE
Package suggested but not available for checking: ‘SeqVarTools’
Flavor: r-oldrel-macos-x86_64