Last updated on 2024-05-04 09:49:36 CEST.
Flavor | Version | Tinstall | Tcheck | Ttotal | Status | Flags |
---|---|---|---|---|---|---|
r-devel-linux-x86_64-debian-clang | 0.1.0 | 3.63 | 68.84 | 72.47 | NOTE | |
r-devel-linux-x86_64-debian-gcc | 0.1.0 | 3.91 | 51.62 | 55.53 | NOTE | |
r-devel-linux-x86_64-fedora-clang | 0.1.0 | 90.96 | NOTE | |||
r-devel-linux-x86_64-fedora-gcc | 0.1.0 | 86.79 | NOTE | |||
r-devel-windows-x86_64 | 0.1.0 | 5.00 | 67.00 | 72.00 | NOTE | |
r-patched-linux-x86_64 | 0.1.0 | 5.60 | 66.76 | 72.36 | NOTE | |
r-release-linux-x86_64 | 0.1.0 | 5.21 | 64.93 | 70.14 | NOTE | |
r-release-macos-arm64 | 0.1.0 | 28.00 | NOTE | |||
r-release-windows-x86_64 | 0.1.0 | 4.00 | 67.00 | 71.00 | NOTE | |
r-oldrel-macos-arm64 | 0.1.0 | 27.00 | NOTE | |||
r-oldrel-macos-x86_64 | 0.1.0 | 43.00 | NOTE | |||
r-oldrel-windows-x86_64 | 0.1.0 | 7.00 | 77.00 | 84.00 | NOTE |
Version: 0.1.0
Check: LazyData
Result: NOTE
'LazyData' is specified without a 'data' directory
Flavors: r-devel-linux-x86_64-debian-clang, r-devel-linux-x86_64-debian-gcc, r-devel-linux-x86_64-fedora-clang, r-devel-linux-x86_64-fedora-gcc, r-devel-windows-x86_64, r-patched-linux-x86_64, r-release-linux-x86_64, r-release-macos-arm64, r-release-windows-x86_64, r-oldrel-macos-arm64, r-oldrel-macos-x86_64, r-oldrel-windows-x86_64