Last updated on 2024-05-04 09:49:37 CEST.
Flavor | Version | Tinstall | Tcheck | Ttotal | Status | Flags |
---|---|---|---|---|---|---|
r-devel-linux-x86_64-debian-clang | 1.0.0 | 7.59 | 88.49 | 96.08 | NOTE | |
r-devel-linux-x86_64-debian-gcc | 1.0.0 | 5.85 | 61.17 | 67.02 | NOTE | |
r-devel-linux-x86_64-fedora-clang | 1.0.0 | 115.15 | NOTE | |||
r-devel-linux-x86_64-fedora-gcc | 1.0.0 | 108.36 | NOTE | |||
r-devel-windows-x86_64 | 1.0.0 | 6.00 | 75.00 | 81.00 | NOTE | |
r-patched-linux-x86_64 | 1.0.0 | 5.89 | 80.66 | 86.55 | NOTE | |
r-release-linux-x86_64 | 1.0.0 | 6.61 | 83.81 | 90.42 | NOTE | |
r-release-macos-arm64 | 1.0.0 | 32.00 | NOTE | |||
r-release-windows-x86_64 | 1.0.0 | 7.00 | 75.00 | 82.00 | NOTE | |
r-oldrel-macos-arm64 | 1.0.0 | 35.00 | OK | |||
r-oldrel-macos-x86_64 | 1.0.0 | 59.00 | OK | |||
r-oldrel-windows-x86_64 | 1.0.0 | 8.00 | 90.00 | 98.00 | OK |
Version: 1.0.0
Check: Rd files
Result: NOTE
checkRd: (-1) artset1987.Rd:10: Lost braces in \itemize; meant \describe ?
checkRd: (-1) tumor.Rd:10: Lost braces in \itemize; meant \describe ?
checkRd: (-1) tumor.Rd:11: Lost braces in \itemize; meant \describe ?
checkRd: (-1) tumor.Rd:12: Lost braces in \itemize; meant \describe ?
Flavors: r-devel-linux-x86_64-debian-clang, r-devel-linux-x86_64-debian-gcc, r-devel-linux-x86_64-fedora-clang, r-devel-linux-x86_64-fedora-gcc, r-devel-windows-x86_64, r-patched-linux-x86_64, r-release-linux-x86_64, r-release-macos-arm64, r-release-windows-x86_64