Last updated on 2024-05-04 13:49:08 CEST.
Flavor | Version | Tinstall | Tcheck | Ttotal | Status | Flags |
---|---|---|---|---|---|---|
r-devel-linux-x86_64-debian-clang | 1.2.5 | 39.14 | 69.67 | 108.81 | OK | |
r-devel-linux-x86_64-debian-gcc | 1.2.5 | 27.53 | 54.59 | 82.12 | OK | |
r-devel-linux-x86_64-fedora-clang | 1.2.5 | 147.92 | OK | |||
r-devel-linux-x86_64-fedora-gcc | 1.2.5 | 143.29 | OK | |||
r-devel-windows-x86_64 | 1.2.5 | 30.00 | 93.00 | 123.00 | OK | |
r-patched-linux-x86_64 | 1.2.5 | 37.20 | 70.16 | 107.36 | OK | |
r-release-linux-x86_64 | 1.2.5 | 39.12 | 66.84 | 105.96 | OK | |
r-release-macos-arm64 | 1.2.5 | 41.00 | NOTE | |||
r-release-windows-x86_64 | 1.2.5 | 30.00 | 90.00 | 120.00 | OK | |
r-oldrel-macos-arm64 | 1.2.5 | 50.00 | NOTE | |||
r-oldrel-macos-x86_64 | 1.2.5 | 113.00 | NOTE | |||
r-oldrel-windows-x86_64 | 1.2.5 | 30.00 | 104.00 | 134.00 | OK |
Version: 1.2.5
Check: installed package size
Result: NOTE
installed size is 5.4Mb
sub-directories of 1Mb or more:
extdata 2.5Mb
libs 2.3Mb
Flavors: r-release-macos-arm64, r-oldrel-macos-arm64, r-oldrel-macos-x86_64