Last updated on 2024-05-04 13:49:08 CEST.
Flavor | Version | Tinstall | Tcheck | Ttotal | Status | Flags |
---|---|---|---|---|---|---|
r-devel-linux-x86_64-debian-clang | 3.2.1 | 52.41 | 400.62 | 453.03 | OK | |
r-devel-linux-x86_64-debian-gcc | 3.2.1 | 39.73 | 279.07 | 318.80 | OK | |
r-devel-linux-x86_64-fedora-clang | 3.2.1 | 546.57 | NOTE | |||
r-devel-linux-x86_64-fedora-gcc | 3.2.1 | 516.91 | OK | |||
r-devel-windows-x86_64 | 3.2.1 | 39.00 | 220.00 | 259.00 | OK | |
r-patched-linux-x86_64 | 3.2.1 | 46.48 | 369.57 | 416.05 | OK | |
r-release-linux-x86_64 | 3.2.1 | 32.32 | 370.59 | 402.91 | OK | |
r-release-macos-arm64 | 3.2.1 | 112.00 | OK | |||
r-release-macos-x86_64 | 3.2.1 | 295.00 | OK | |||
r-release-windows-x86_64 | 3.2.1 | 38.00 | 218.00 | 256.00 | OK | |
r-oldrel-macos-arm64 | 3.2.1 | 119.00 | OK | |||
r-oldrel-macos-x86_64 | 3.2.1 | 284.00 | OK | |||
r-oldrel-windows-x86_64 | 3.2.1 | 55.00 | 312.00 | 367.00 | OK |
Version: 3.2.1
Check: package dependencies
Result: NOTE
Imports includes 21 non-default packages.
Importing from so many packages makes the package vulnerable to any of
them becoming unavailable. Move as many as possible to Suggests and
use conditionally.
Flavor: r-devel-linux-x86_64-fedora-clang