Last updated on 2024-05-06 01:48:24 CEST.
Flavor | Version | Tinstall | Tcheck | Ttotal | Status | Flags |
---|---|---|---|---|---|---|
r-devel-linux-x86_64-debian-clang | 2.3-2 | 78.08 | 194.90 | 272.98 | OK | |
r-devel-linux-x86_64-debian-gcc | 2.3-2 | 64.25 | 138.35 | 202.60 | OK | |
r-devel-linux-x86_64-fedora-clang | 2.3-2 | 342.04 | OK | |||
r-devel-linux-x86_64-fedora-gcc | 2.3-2 | 340.81 | OK | |||
r-devel-windows-x86_64 | 2.3-2 | 59.00 | 165.00 | 224.00 | OK | |
r-patched-linux-x86_64 | 2.3-2 | 70.81 | 180.72 | 251.53 | OK | |
r-release-linux-x86_64 | 2.3-2 | 85.02 | 183.88 | 268.90 | OK | |
r-release-macos-arm64 | 2.3-2 | 80.00 | NOTE | |||
r-release-macos-x86_64 | 2.3-2 | 190.00 | NOTE | |||
r-release-windows-x86_64 | 2.3-2 | 57.00 | 163.00 | 220.00 | OK | |
r-oldrel-macos-arm64 | 2.3-2 | 103.00 | NOTE | |||
r-oldrel-macos-x86_64 | 2.3-2 | 189.00 | NOTE | |||
r-oldrel-windows-x86_64 | 2.3-2 | 77.00 | 216.00 | 293.00 | OK |
Version: 2.3-2
Check: installed package size
Result: NOTE
installed size is 6.9Mb
sub-directories of 1Mb or more:
data 1.5Mb
libs 4.5Mb
Flavors: r-release-macos-arm64, r-release-macos-x86_64, r-oldrel-macos-arm64, r-oldrel-macos-x86_64