Last updated on 2024-05-04 09:49:37 CEST.
Flavor | Version | Tinstall | Tcheck | Ttotal | Status | Flags |
---|---|---|---|---|---|---|
r-devel-linux-x86_64-debian-clang | 1.2 | 1.69 | 23.59 | 25.28 | NOTE | |
r-devel-linux-x86_64-debian-gcc | 1.2 | 1.72 | 17.87 | 19.59 | NOTE | |
r-devel-linux-x86_64-fedora-clang | 1.2 | 32.17 | NOTE | |||
r-devel-linux-x86_64-fedora-gcc | 1.2 | 30.79 | NOTE | |||
r-devel-windows-x86_64 | 1.2 | 2.00 | 41.00 | 43.00 | OK | |
r-patched-linux-x86_64 | 1.2 | 1.51 | 22.75 | 24.26 | NOTE | |
r-release-linux-x86_64 | 1.2 | 1.83 | 22.09 | 23.92 | NOTE | |
r-release-macos-arm64 | 1.2 | 14.00 | OK | |||
r-release-windows-x86_64 | 1.2 | 3.00 | 40.00 | 43.00 | OK | |
r-oldrel-macos-arm64 | 1.2 | 16.00 | OK | |||
r-oldrel-macos-x86_64 | 1.2 | 21.00 | OK | |||
r-oldrel-windows-x86_64 | 1.2 | 2.00 | 41.00 | 43.00 | OK |
Version: 1.2
Check: for non-standard things in the check directory
Result: NOTE
Found the following files/directories:
‘testdata1.txt’ ‘testdata2.txt’ ‘testdata3.txt’
Flavors: r-devel-linux-x86_64-debian-clang, r-devel-linux-x86_64-debian-gcc, r-devel-linux-x86_64-fedora-clang, r-devel-linux-x86_64-fedora-gcc, r-patched-linux-x86_64, r-release-linux-x86_64