Last updated on 2024-05-04 09:49:35 CEST.
Flavor | Version | Tinstall | Tcheck | Ttotal | Status | Flags |
---|---|---|---|---|---|---|
r-devel-linux-x86_64-debian-clang | 1.1.1 | 4.28 | 24.22 | 28.50 | NOTE | |
r-devel-linux-x86_64-debian-gcc | 1.1.1 | 2.80 | 19.32 | 22.12 | NOTE | |
r-devel-linux-x86_64-fedora-clang | 1.1.1 | 36.12 | NOTE | |||
r-devel-linux-x86_64-fedora-gcc | 1.1.1 | 35.02 | NOTE | |||
r-devel-windows-x86_64 | 1.1.1 | 6.00 | 44.00 | 50.00 | NOTE | |
r-patched-linux-x86_64 | 1.1.1 | 4.25 | 24.12 | 28.37 | NOTE | |
r-release-linux-x86_64 | 1.1.1 | 3.99 | 24.75 | 28.74 | NOTE | |
r-release-macos-arm64 | 1.1.1 | 17.00 | NOTE | |||
r-release-windows-x86_64 | 1.1.1 | 6.00 | 44.00 | 50.00 | NOTE | |
r-oldrel-macos-arm64 | 1.1.1 | 18.00 | OK | |||
r-oldrel-macos-x86_64 | 1.1.1 | 34.00 | OK | |||
r-oldrel-windows-x86_64 | 1.1.1 | 7.00 | 45.00 | 52.00 | OK |
Version: 1.1.1
Check: Rd files
Result: NOTE
checkRd: (-1) Sim.Markov.Chain.Rd:14: Lost braces; missing escapes or markup?
14 | \item{eta0}{inital value in {1,...,r}.}
| ^
Flavors: r-devel-linux-x86_64-debian-clang, r-devel-linux-x86_64-debian-gcc, r-devel-linux-x86_64-fedora-clang, r-devel-linux-x86_64-fedora-gcc, r-devel-windows-x86_64, r-patched-linux-x86_64, r-release-linux-x86_64, r-release-macos-arm64, r-release-windows-x86_64