Last updated on 2024-05-04 09:49:35 CEST.
Flavor | Version | Tinstall | Tcheck | Ttotal | Status | Flags |
---|---|---|---|---|---|---|
r-devel-linux-x86_64-debian-clang | 2.2.0 | 2.82 | 43.46 | 46.28 | OK | |
r-devel-linux-x86_64-debian-gcc | 2.2.0 | 2.43 | 33.64 | 36.07 | OK | |
r-devel-linux-x86_64-fedora-clang | 2.2.0 | 63.21 | NOTE | |||
r-devel-linux-x86_64-fedora-gcc | 2.2.0 | 73.92 | NOTE | |||
r-devel-windows-x86_64 | 2.2.0 | 4.00 | 69.00 | 73.00 | OK | |
r-patched-linux-x86_64 | 2.2.0 | 2.24 | 42.18 | 44.42 | OK | |
r-release-linux-x86_64 | 2.2.0 | 3.22 | 42.11 | 45.33 | OK | |
r-release-macos-arm64 | 2.2.0 | 28.00 | OK | |||
r-release-macos-x86_64 | 2.2.0 | 51.00 | OK | |||
r-release-windows-x86_64 | 2.2.0 | 4.00 | 86.00 | 90.00 | OK | |
r-oldrel-macos-arm64 | 2.2.0 | 31.00 | OK | |||
r-oldrel-macos-x86_64 | 2.2.0 | 38.00 | OK | |||
r-oldrel-windows-x86_64 | 2.2.0 | 4.00 | 68.00 | 72.00 | OK |
Version: 2.2.0
Check: data for non-ASCII characters
Result: NOTE
Note: found 17 marked UTF-8 strings
Flavors: r-devel-linux-x86_64-fedora-clang, r-devel-linux-x86_64-fedora-gcc