Last updated on 2024-05-04 13:49:06 CEST.
Flavor | Version | Tinstall | Tcheck | Ttotal | Status | Flags |
---|---|---|---|---|---|---|
r-devel-linux-x86_64-debian-clang | 1.4.9 | 40.78 | 289.40 | 330.18 | NOTE | |
r-devel-linux-x86_64-debian-gcc | 1.4.9 | 34.40 | 208.22 | 242.62 | NOTE | |
r-devel-linux-x86_64-fedora-clang | 1.4.9 | 417.86 | NOTE | |||
r-devel-linux-x86_64-fedora-gcc | 1.4.9 | 396.81 | NOTE | |||
r-devel-windows-x86_64 | 1.4.9 | 36.00 | 238.00 | 274.00 | NOTE | |
r-patched-linux-x86_64 | 1.4.9 | 41.36 | 279.21 | 320.57 | NOTE | |
r-release-linux-x86_64 | 1.4.9 | 43.65 | 272.39 | 316.04 | NOTE | |
r-release-macos-arm64 | 1.4.9 | 105.00 | NOTE | |||
r-release-windows-x86_64 | 1.4.9 | 38.00 | 243.00 | 281.00 | NOTE | |
r-oldrel-macos-arm64 | 1.4.9 | 120.00 | OK | |||
r-oldrel-macos-x86_64 | 1.4.9 | 217.00 | OK | |||
r-oldrel-windows-x86_64 | 1.4.9 | 47.00 | 302.00 | 349.00 | OK |
Version: 1.4.9
Check: Rd files
Result: NOTE
checkRd: (-1) cpm.Rd:70: Lost braces; missing escapes or markup?
70 | covariates included in \code{formula_l} or {formula_s} (required).}
| ^
Flavors: r-devel-linux-x86_64-debian-clang, r-devel-linux-x86_64-debian-gcc, r-devel-linux-x86_64-fedora-clang, r-devel-linux-x86_64-fedora-gcc, r-devel-windows-x86_64, r-patched-linux-x86_64, r-release-linux-x86_64, r-release-macos-arm64, r-release-windows-x86_64