Last updated on 2024-05-04 13:49:06 CEST.
Flavor | Version | Tinstall | Tcheck | Ttotal | Status | Flags |
---|---|---|---|---|---|---|
r-devel-linux-x86_64-debian-clang | 1.0.1 | 16.00 | 142.66 | 158.66 | NOTE | |
r-devel-linux-x86_64-debian-gcc | 1.0.1 | 12.05 | 189.16 | 201.21 | OK | |
r-devel-linux-x86_64-fedora-clang | 1.0.1 | 337.49 | NOTE | |||
r-devel-linux-x86_64-fedora-gcc | 1.0.1 | 330.21 | OK | |||
r-devel-windows-x86_64 | 1.0.1 | 30.00 | 209.00 | 239.00 | OK | |
r-patched-linux-x86_64 | 1.0.1 | 11.25 | 240.73 | 251.98 | OK | |
r-release-linux-x86_64 | 1.0.1 | 9.37 | 243.31 | 252.68 | OK | |
r-release-macos-arm64 | 1.0.1 | 104.00 | OK | |||
r-release-macos-x86_64 | 1.0.1 | 343.00 | OK | |||
r-release-windows-x86_64 | 1.0.1 | 27.00 | 208.00 | 235.00 | OK | |
r-oldrel-macos-arm64 | 1.0.1 | 117.00 | NOTE | |||
r-oldrel-macos-x86_64 | 1.0.1 | 315.00 | NOTE | |||
r-oldrel-windows-x86_64 | 1.0.1 | 38.00 | 268.00 | 306.00 | OK |
Version: 1.0.1
Check: package dependencies
Result: NOTE
Packages suggested but not available for checking:
'clusterProfiler', 'GO.db', 'AnnotationHub', 'ensembldb',
'org.Hs.eg.db'
Package which this enhances but not available for checking: ‘simplifyEnrichment’
Flavor: r-devel-linux-x86_64-debian-clang
Version: 1.0.1
Check: package dependencies
Result: NOTE
Package which this enhances but not available for checking: ‘simplifyEnrichment’
Flavors: r-devel-linux-x86_64-fedora-clang, r-oldrel-macos-arm64, r-oldrel-macos-x86_64