Last updated on 2024-05-04 09:49:35 CEST.
Flavor | Version | Tinstall | Tcheck | Ttotal | Status | Flags |
---|---|---|---|---|---|---|
r-devel-linux-x86_64-debian-clang | 1.0 | 17.71 | 175.65 | 193.36 | NOTE | |
r-devel-linux-x86_64-debian-gcc | 1.0 | 13.20 | 125.52 | 138.72 | NOTE | |
r-devel-linux-x86_64-fedora-clang | 1.0 | 233.65 | NOTE | |||
r-devel-linux-x86_64-fedora-gcc | 1.0 | 217.14 | NOTE | |||
r-devel-windows-x86_64 | 1.0 | 16.00 | 139.00 | 155.00 | NOTE | |
r-patched-linux-x86_64 | 1.0 | 17.77 | 159.44 | 177.21 | NOTE | |
r-release-linux-x86_64 | 1.0 | 11.82 | 160.82 | 172.64 | NOTE | |
r-release-macos-arm64 | 1.0 | 58.00 | NOTE | |||
r-release-windows-x86_64 | 1.0 | 14.00 | 133.00 | 147.00 | NOTE | |
r-oldrel-macos-arm64 | 1.0 | 62.00 | NOTE | |||
r-oldrel-macos-x86_64 | 1.0 | 105.00 | NOTE | |||
r-oldrel-windows-x86_64 | 1.0 | 19.00 | 170.00 | 189.00 | NOTE |
Version: 1.0
Check: LazyData
Result: NOTE
'LazyData' is specified without a 'data' directory
Flavors: r-devel-linux-x86_64-debian-clang, r-devel-linux-x86_64-debian-gcc, r-devel-linux-x86_64-fedora-clang, r-devel-linux-x86_64-fedora-gcc, r-devel-windows-x86_64, r-patched-linux-x86_64, r-release-linux-x86_64, r-release-macos-arm64, r-release-windows-x86_64, r-oldrel-macos-arm64, r-oldrel-macos-x86_64, r-oldrel-windows-x86_64