Last updated on 2024-05-04 09:49:36 CEST.
Flavor | Version | Tinstall | Tcheck | Ttotal | Status | Flags |
---|---|---|---|---|---|---|
r-devel-linux-x86_64-debian-clang | 1.0.1 | 80.80 | 64.49 | 145.29 | NOTE | |
r-devel-linux-x86_64-debian-gcc | 1.0.1 | 68.32 | 49.73 | 118.05 | NOTE | |
r-devel-linux-x86_64-fedora-clang | 1.0.1 | 213.37 | NOTE | |||
r-devel-linux-x86_64-fedora-gcc | 1.0.1 | 227.58 | NOTE | |||
r-devel-windows-x86_64 | 1.0.1 | 73.00 | 113.00 | 186.00 | NOTE | |
r-patched-linux-x86_64 | 1.0.1 | 79.40 | 64.89 | 144.29 | NOTE | |
r-release-linux-x86_64 | 1.0.1 | 77.90 | 63.40 | 141.30 | NOTE | |
r-release-macos-arm64 | 1.0.1 | 54.00 | NOTE | |||
r-release-windows-x86_64 | 1.0.1 | 70.00 | 111.00 | 181.00 | NOTE | |
r-oldrel-macos-arm64 | 1.0.1 | 63.00 | NOTE | |||
r-oldrel-macos-x86_64 | 1.0.1 | 96.00 | NOTE | |||
r-oldrel-windows-x86_64 | 1.0.1 | 89.00 | 123.00 | 212.00 | NOTE |
Version: 1.0.1
Check: C++ specification
Result: NOTE
Specified C++11: please drop specification unless essential
Flavors: r-devel-linux-x86_64-debian-clang, r-devel-linux-x86_64-debian-gcc, r-devel-linux-x86_64-fedora-clang, r-devel-linux-x86_64-fedora-gcc, r-devel-windows-x86_64, r-patched-linux-x86_64, r-release-linux-x86_64, r-release-macos-arm64, r-release-windows-x86_64, r-oldrel-macos-arm64, r-oldrel-macos-x86_64, r-oldrel-windows-x86_64
Version: 1.0.1
Check: compiled code
Result: NOTE
File ‘GiRaF/libs/GiRaF.so’:
Found no calls to: ‘R_registerRoutines’, ‘R_useDynamicSymbols’
It is good practice to register native routines and to disable symbol
search.
See ‘Writing portable packages’ in the ‘Writing R Extensions’ manual.
Flavors: r-devel-linux-x86_64-fedora-clang, r-devel-linux-x86_64-fedora-gcc
Version: 1.0.1
Check: installed package size
Result: NOTE
installed size is 6.4Mb
sub-directories of 1Mb or more:
libs 6.0Mb
Flavors: r-release-macos-arm64, r-oldrel-macos-arm64, r-oldrel-macos-x86_64