Last updated on 2024-05-04 09:49:37 CEST.
Flavor | Version | Tinstall | Tcheck | Ttotal | Status | Flags |
---|---|---|---|---|---|---|
r-devel-linux-x86_64-debian-clang | 0.2.6 | 185.53 | 65.39 | 250.92 | OK | |
r-devel-linux-x86_64-debian-gcc | 0.2.6 | 137.70 | 51.06 | 188.76 | OK | |
r-devel-linux-x86_64-fedora-clang | 0.2.6 | 387.94 | NOTE | |||
r-devel-linux-x86_64-fedora-gcc | 0.2.6 | 369.71 | NOTE | |||
r-devel-windows-x86_64 | 0.2.6 | 132.00 | 114.00 | 246.00 | OK | |
r-patched-linux-x86_64 | 0.2.6 | 175.52 | 64.64 | 240.16 | OK | |
r-release-linux-x86_64 | 0.2.6 | 175.93 | 64.30 | 240.23 | OK | |
r-release-macos-arm64 | 0.2.6 | 79.00 | OK | |||
r-release-windows-x86_64 | 0.2.6 | 132.00 | 112.00 | 244.00 | OK | |
r-oldrel-macos-arm64 | 0.2.6 | 94.00 | OK | |||
r-oldrel-macos-x86_64 | 0.2.6 | 167.00 | OK | |||
r-oldrel-windows-x86_64 | 0.2.6 | 130.00 | 117.00 | 247.00 | OK |
Version: 0.2.6
Check: data for non-ASCII characters
Result: NOTE
Note: found 3 marked UTF-8 strings
Flavors: r-devel-linux-x86_64-fedora-clang, r-devel-linux-x86_64-fedora-gcc