Last updated on 2024-05-04 13:49:08 CEST.
Flavor | Version | Tinstall | Tcheck | Ttotal | Status | Flags |
---|---|---|---|---|---|---|
r-devel-linux-x86_64-debian-clang | 0.1.1 | 2.47 | 35.83 | 38.30 | NOTE | |
r-devel-linux-x86_64-debian-gcc | 0.1.1 | 2.13 | 27.46 | 29.59 | NOTE | |
r-devel-linux-x86_64-fedora-clang | 0.1.1 | 49.78 | NOTE | |||
r-devel-linux-x86_64-fedora-gcc | 0.1.1 | 45.89 | NOTE | |||
r-devel-windows-x86_64 | 0.1.1 | 3.00 | 48.00 | 51.00 | NOTE | |
r-patched-linux-x86_64 | 0.1.1 | 2.51 | 33.83 | 36.34 | NOTE | |
r-release-linux-x86_64 | 0.1.1 | 2.53 | 34.69 | 37.22 | NOTE | |
r-release-macos-arm64 | 0.1.1 | 17.00 | NOTE | |||
r-release-windows-x86_64 | 0.1.1 | 5.00 | 46.00 | 51.00 | NOTE | |
r-oldrel-macos-arm64 | 0.1.1 | 20.00 | NOTE | |||
r-oldrel-macos-x86_64 | 0.1.1 | 28.00 | NOTE | |||
r-oldrel-windows-x86_64 | 0.1.1 | 4.00 | 49.00 | 53.00 | NOTE |
Version: 0.1.1
Check: LazyData
Result: NOTE
'LazyData' is specified without a 'data' directory
Flavors: r-devel-linux-x86_64-debian-clang, r-devel-linux-x86_64-debian-gcc, r-devel-linux-x86_64-fedora-clang, r-devel-linux-x86_64-fedora-gcc, r-devel-windows-x86_64, r-patched-linux-x86_64, r-release-linux-x86_64, r-release-macos-arm64, r-release-windows-x86_64, r-oldrel-macos-arm64, r-oldrel-macos-x86_64, r-oldrel-windows-x86_64