Last updated on 2024-05-04 13:49:08 CEST.
Flavor | Version | Tinstall | Tcheck | Ttotal | Status | Flags |
---|---|---|---|---|---|---|
r-devel-linux-x86_64-debian-clang | 2.0.11 | 7.85 | 63.52 | 71.37 | NOTE | |
r-devel-linux-x86_64-debian-gcc | 2.0.11 | 5.96 | 46.02 | 51.98 | OK | |
r-devel-linux-x86_64-fedora-clang | 2.0.11 | 93.92 | OK | |||
r-devel-linux-x86_64-fedora-gcc | 2.0.11 | 90.77 | OK | |||
r-devel-windows-x86_64 | 2.0.11 | 6.00 | 73.00 | 79.00 | OK | |
r-patched-linux-x86_64 | 2.0.11 | 6.76 | 58.72 | 65.48 | OK | |
r-release-linux-x86_64 | 2.0.11 | 8.27 | 59.70 | 67.97 | OK | |
r-release-macos-arm64 | 2.0.11 | 28.00 | OK | |||
r-release-macos-x86_64 | 2.0.11 | 61.00 | OK | |||
r-release-windows-x86_64 | 2.0.11 | 6.00 | 71.00 | 77.00 | OK | |
r-oldrel-macos-arm64 | 2.0.11 | 41.00 | NOTE | |||
r-oldrel-macos-x86_64 | 2.0.11 | 92.00 | NOTE | |||
r-oldrel-windows-x86_64 | 2.0.11 | 6.00 | 74.00 | 80.00 | OK |
Version: 2.0.11
Check: package dependencies
Result: NOTE
Package suggested but not available for checking: ‘HTSFilter’
Flavors: r-devel-linux-x86_64-debian-clang, r-oldrel-macos-arm64, r-oldrel-macos-x86_64