Last updated on 2024-05-04 09:49:37 CEST.
Flavor | Version | Tinstall | Tcheck | Ttotal | Status | Flags |
---|---|---|---|---|---|---|
r-devel-linux-x86_64-debian-clang | 2.0 | 27.08 | 45.01 | 72.09 | NOTE | |
r-devel-linux-x86_64-debian-gcc | 2.0 | 19.50 | 35.37 | 54.87 | NOTE | |
r-devel-linux-x86_64-fedora-clang | 2.0 | 94.97 | NOTE | |||
r-devel-linux-x86_64-fedora-gcc | 2.0 | 89.52 | NOTE | |||
r-devel-windows-x86_64 | 2.0 | 26.00 | 76.00 | 102.00 | NOTE | |
r-patched-linux-x86_64 | 2.0 | 28.29 | 44.79 | 73.08 | NOTE | |
r-release-linux-x86_64 | 2.0 | 25.90 | 44.04 | 69.94 | NOTE | |
r-release-macos-arm64 | 2.0 | 28.00 | NOTE | |||
r-release-windows-x86_64 | 2.0 | 25.00 | 72.00 | 97.00 | NOTE | |
r-oldrel-macos-arm64 | 2.0 | 30.00 | OK | |||
r-oldrel-macos-x86_64 | 2.0 | 42.00 | OK | |||
r-oldrel-windows-x86_64 | 2.0 | 27.00 | 84.00 | 111.00 | OK |
Version: 2.0
Check: Rd files
Result: NOTE
checkRd: (-1) CalcROC.Rd:47: Lost braces
47 | The accuracy of the classifier is the mean value of dQuote{(optSn, optSp)} for two-class problem and the mean value of \dQuote{(optSn, optSp,optS3)} for three-class problem.
| ^
Flavors: r-devel-linux-x86_64-debian-clang, r-devel-linux-x86_64-debian-gcc, r-devel-linux-x86_64-fedora-clang, r-devel-linux-x86_64-fedora-gcc, r-devel-windows-x86_64, r-patched-linux-x86_64, r-release-linux-x86_64, r-release-macos-arm64, r-release-windows-x86_64