Last updated on 2024-05-04 09:49:37 CEST.
Flavor | Version | Tinstall | Tcheck | Ttotal | Status | Flags |
---|---|---|---|---|---|---|
r-devel-linux-x86_64-debian-clang | 3.0-13 | 24.76 | 210.94 | 235.70 | NOTE | |
r-devel-linux-x86_64-debian-gcc | 3.0-13 | 19.96 | 149.43 | 169.39 | NOTE | |
r-devel-linux-x86_64-fedora-clang | 3.0-13 | 289.88 | NOTE | |||
r-devel-linux-x86_64-fedora-gcc | 3.0-13 | 281.68 | NOTE | |||
r-devel-windows-x86_64 | 3.0-13 | 22.00 | 149.00 | 171.00 | NOTE | |
r-patched-linux-x86_64 | 3.0-13 | 26.21 | 191.39 | 217.60 | NOTE | |
r-release-linux-x86_64 | 3.0-13 | 24.75 | 198.87 | 223.62 | NOTE | |
r-release-macos-arm64 | 3.0-13 | 73.00 | NOTE | |||
r-release-windows-x86_64 | 3.0-13 | 22.00 | 151.00 | 173.00 | NOTE | |
r-oldrel-macos-arm64 | 3.0-13 | 82.00 | OK | |||
r-oldrel-macos-x86_64 | 3.0-13 | 141.00 | OK | |||
r-oldrel-windows-x86_64 | 3.0-13 | 30.00 | 189.00 | 219.00 | OK |
Version: 3.0-13
Check: Rd files
Result: NOTE
checkRd: (-1) sampleMcmc.Rd:93: Lost braces; missing escapes or markup?
93 | disable some of them, by adding a \code{$UPDATER_NAME=FALSE} pair to the {updater} argument. Another usage of
| ^
Flavors: r-devel-linux-x86_64-debian-clang, r-devel-linux-x86_64-debian-gcc, r-devel-linux-x86_64-fedora-clang, r-devel-linux-x86_64-fedora-gcc, r-devel-windows-x86_64, r-patched-linux-x86_64, r-release-linux-x86_64, r-release-macos-arm64, r-release-windows-x86_64