Last updated on 2024-05-04 13:49:08 CEST.
Flavor | Version | Tinstall | Tcheck | Ttotal | Status | Flags |
---|---|---|---|---|---|---|
r-devel-linux-x86_64-debian-clang | 1.0.0 | 30.55 | 118.54 | 149.09 | OK | |
r-devel-linux-x86_64-debian-gcc | 1.0.0 | 25.42 | 89.83 | 115.25 | OK | |
r-devel-linux-x86_64-fedora-clang | 1.0.0 | 194.60 | OK | |||
r-devel-linux-x86_64-fedora-gcc | 1.0.0 | 204.42 | OK | |||
r-devel-windows-x86_64 | 1.0.0 | 28.00 | 190.00 | 218.00 | OK | |
r-patched-linux-x86_64 | 1.0.0 | 31.52 | 114.87 | 146.39 | OK | |
r-release-linux-x86_64 | 1.0.0 | 20.50 | 114.45 | 134.95 | OK | |
r-release-macos-arm64 | 1.0.0 | 81.00 | NOTE | |||
r-release-macos-x86_64 | 1.0.0 | 151.00 | NOTE | |||
r-release-windows-x86_64 | 1.0.0 | 28.00 | 185.00 | 213.00 | OK | |
r-oldrel-macos-arm64 | 1.0.0 | 82.00 | NOTE | |||
r-oldrel-macos-x86_64 | 1.0.0 | 155.00 | NOTE | |||
r-oldrel-windows-x86_64 | 1.0.0 | 34.00 | 202.00 | 236.00 | NOTE |
Version: 1.0.0
Check: installed package size
Result: NOTE
installed size is 5.0Mb
sub-directories of 1Mb or more:
data 2.1Mb
doc 1.6Mb
Flavors: r-release-macos-arm64, r-release-macos-x86_64, r-oldrel-macos-arm64, r-oldrel-macos-x86_64, r-oldrel-windows-x86_64