Last updated on 2024-05-04 09:49:37 CEST.
Flavor | Version | Tinstall | Tcheck | Ttotal | Status | Flags |
---|---|---|---|---|---|---|
r-devel-linux-x86_64-debian-clang | 2.3.12 | 2.17 | 2.16 | 4.33 | ERROR | |
r-devel-linux-x86_64-debian-gcc | 2.3.12 | 48.78 | 667.50 | 716.28 | OK | |
r-devel-linux-x86_64-fedora-clang | 2.3.12 | 1241.81 | OK | |||
r-devel-linux-x86_64-fedora-gcc | 2.3.12 | 1116.10 | OK | |||
r-devel-windows-x86_64 | 2.3.12 | 56.00 | 560.00 | 616.00 | OK | |
r-patched-linux-x86_64 | 2.3.12 | 47.34 | 839.72 | 887.06 | OK | |
r-release-linux-x86_64 | 2.3.12 | 43.33 | 868.26 | 911.59 | OK | |
r-release-macos-arm64 | 2.3.12 | 181.00 | NOTE | |||
r-release-macos-x86_64 | 2.3.12 | 565.00 | NOTE | |||
r-release-windows-x86_64 | 2.3.12 | 54.00 | 559.00 | 613.00 | OK | |
r-oldrel-macos-arm64 | 2.3.12 | 197.00 | NOTE | |||
r-oldrel-macos-x86_64 | 2.3.12 | 419.00 | NOTE | |||
r-oldrel-windows-x86_64 | 2.3.12 | 73.00 | 531.00 | 604.00 | NOTE |
Version: 2.3.12
Check: package dependencies
Result: ERROR
Packages required but not available: 'BSgenome', 'GenomicRanges'
Packages suggested but not available for checking:
'BSgenome.Hsapiens.1000genomes.hs37d5',
'BSgenome.Hsapiens.UCSC.hg38', 'BSgenome.Mmusculus.UCSC.mm10'
See section ‘The DESCRIPTION file’ in the ‘Writing R Extensions’
manual.
Flavor: r-devel-linux-x86_64-debian-clang
Version: 2.3.12
Check: package dependencies
Result: NOTE
Packages suggested but not available for checking:
'BSgenome.Hsapiens.1000genomes.hs37d5',
'BSgenome.Hsapiens.UCSC.hg38', 'BSgenome.Mmusculus.UCSC.mm10'
Flavors: r-release-macos-arm64, r-release-macos-x86_64, r-oldrel-macos-arm64, r-oldrel-macos-x86_64
Version: 2.3.12
Check: package dependencies
Result: NOTE
Packages suggested but not available for checking:
'BSgenome.Hsapiens.1000genomes.hs37d5',
'BSgenome.Mmusculus.UCSC.mm10'
Flavor: r-oldrel-windows-x86_64