Last updated on 2024-05-04 13:49:08 CEST.
Flavor | Version | Tinstall | Tcheck | Ttotal | Status | Flags |
---|---|---|---|---|---|---|
r-devel-linux-x86_64-debian-clang | 0.3-5 | 45.67 | 232.84 | 278.51 | OK | |
r-devel-linux-x86_64-debian-gcc | 0.3-5 | 40.07 | 169.41 | 209.48 | OK | |
r-devel-linux-x86_64-fedora-clang | 0.3-5 | 364.36 | OK | |||
r-devel-linux-x86_64-fedora-gcc | 0.3-5 | 347.19 | OK | |||
r-devel-windows-x86_64 | 0.3-5 | 45.00 | 189.00 | 234.00 | OK | |
r-patched-linux-x86_64 | 0.3-5 | 60.41 | 224.75 | 285.16 | OK | |
r-release-linux-x86_64 | 0.3-5 | 48.19 | 225.33 | 273.52 | OK | |
r-release-macos-arm64 | 0.3-5 | 89.00 | NOTE | |||
r-release-windows-x86_64 | 0.3-5 | 44.00 | 184.00 | 228.00 | OK | |
r-oldrel-macos-arm64 | 0.3-5 | 100.00 | NOTE | |||
r-oldrel-macos-x86_64 | 0.3-5 | 171.00 | NOTE | |||
r-oldrel-windows-x86_64 | 0.3-5 | 55.00 | 242.00 | 297.00 | OK |
Version: 0.3-5
Check: installed package size
Result: NOTE
installed size is 5.4Mb
sub-directories of 1Mb or more:
doc 2.5Mb
libs 2.6Mb
Flavors: r-release-macos-arm64, r-oldrel-macos-arm64, r-oldrel-macos-x86_64