Last updated on 2024-05-04 09:49:37 CEST.
Flavor | Version | Tinstall | Tcheck | Ttotal | Status | Flags |
---|---|---|---|---|---|---|
r-devel-linux-x86_64-debian-clang | 0.1.0 | 15.53 | 137.86 | 153.39 | OK | |
r-devel-linux-x86_64-debian-gcc | 0.1.0 | 12.73 | 103.42 | 116.15 | OK | |
r-devel-linux-x86_64-fedora-clang | 0.1.0 | 197.35 | OK | |||
r-devel-linux-x86_64-fedora-gcc | 0.1.0 | 197.74 | OK | |||
r-devel-windows-x86_64 | 0.1.0 | 16.00 | 115.00 | 131.00 | OK | |
r-patched-linux-x86_64 | 0.1.0 | 15.60 | 132.95 | 148.55 | OK | |
r-release-linux-x86_64 | 0.1.0 | 14.95 | 133.31 | 148.26 | OK | |
r-release-macos-arm64 | 0.1.0 | 64.00 | NOTE | |||
r-release-windows-x86_64 | 0.1.0 | 16.00 | 116.00 | 132.00 | OK | |
r-oldrel-macos-arm64 | 0.1.0 | 64.00 | NOTE | |||
r-oldrel-macos-x86_64 | 0.1.0 | 77.00 | NOTE | |||
r-oldrel-windows-x86_64 | 0.1.0 | 21.00 | 144.00 | 165.00 | OK |
Version: 0.1.0
Check: installed package size
Result: NOTE
installed size is 5.2Mb
sub-directories of 1Mb or more:
data 5.0Mb
Flavors: r-release-macos-arm64, r-oldrel-macos-arm64, r-oldrel-macos-x86_64