Last updated on 2024-05-04 09:49:37 CEST.
Flavor | Version | Tinstall | Tcheck | Ttotal | Status | Flags |
---|---|---|---|---|---|---|
r-devel-linux-x86_64-debian-clang | 1.2 | 14.62 | 67.57 | 82.19 | OK | |
r-devel-linux-x86_64-debian-gcc | 1.2 | 7.08 | 48.90 | 55.98 | OK | |
r-devel-linux-x86_64-fedora-clang | 1.2 | 97.82 | OK | |||
r-devel-linux-x86_64-fedora-gcc | 1.2 | 90.49 | OK | |||
r-devel-windows-x86_64 | 1.2 | 10.00 | 67.00 | 77.00 | OK | |
r-patched-linux-x86_64 | 1.2 | 6.69 | 63.19 | 69.88 | OK | |
r-release-linux-x86_64 | 1.2 | 7.47 | 64.92 | 72.39 | OK | |
r-release-macos-arm64 | 1.2 | 30.00 | OK | |||
r-release-windows-x86_64 | 1.2 | 9.00 | 62.00 | 71.00 | ERROR | |
r-oldrel-macos-arm64 | 1.2 | 28.00 | OK | |||
r-oldrel-macos-x86_64 | 1.2 | 68.00 | OK | |||
r-oldrel-windows-x86_64 | 1.2 | 14.00 | 75.00 | 89.00 | OK |
Version: 1.2
Check: examples
Result: ERROR
Running examples in 'IDSL.CSA-Ex.R' failed
The error most likely occurred in:
> ### Name: DDA2msp
> ### Title: DDA to msp
> ### Aliases: DDA2msp
>
> ### ** Examples
>
> ## To see the results, use a known folder instead of the `tempdir()` command
> temp_wd <- tempdir()
> temp_wd_zip <- paste0(temp_wd, "/idsl_rawdda_test_files.zip")
> download.file(paste0("https://github.com/idslme/IDSL.CSA/blob/main/",
+ "CSA_educational_files/idsl_rawdda_test_files.zip?raw=true"),
+ destfile = temp_wd_zip, mode = "wb")
trying URL 'https://github.com/idslme/IDSL.CSA/blob/main/CSA_educational_files/idsl_rawdda_test_files.zip?raw=true'
Warning in download.file(paste0("https://github.com/idslme/IDSL.CSA/blob/main/", :
URL 'https://raw.githubusercontent.com/idslme/IDSL.CSA/main/CSA_educational_files/idsl_rawdda_test_files.zip': status was 'SSL connect error'
Error in download.file(paste0("https://github.com/idslme/IDSL.CSA/blob/main/", :
cannot open URL 'https://github.com/idslme/IDSL.CSA/blob/main/CSA_educational_files/idsl_rawdda_test_files.zip?raw=true'
Execution halted
Flavor: r-release-windows-x86_64