Last updated on 2024-05-04 13:49:08 CEST.
Flavor | Version | Tinstall | Tcheck | Ttotal | Status | Flags |
---|---|---|---|---|---|---|
r-devel-linux-x86_64-debian-clang | 0.1.0 | 4.37 | 88.54 | 92.91 | NOTE | |
r-devel-linux-x86_64-debian-gcc | 0.1.0 | 3.18 | 61.38 | 64.56 | NOTE | |
r-devel-linux-x86_64-fedora-clang | 0.1.0 | 113.81 | NOTE | |||
r-devel-linux-x86_64-fedora-gcc | 0.1.0 | 111.33 | NOTE | |||
r-devel-windows-x86_64 | 0.1.0 | 4.00 | 127.00 | 131.00 | NOTE | |
r-patched-linux-x86_64 | 0.1.0 | 4.39 | 87.60 | 91.99 | NOTE | |
r-release-linux-x86_64 | 0.1.0 | 3.25 | 85.50 | 88.75 | NOTE | |
r-release-macos-arm64 | 0.1.0 | 40.00 | NOTE | |||
r-release-windows-x86_64 | 0.1.0 | 3.00 | 124.00 | 127.00 | NOTE | |
r-oldrel-macos-arm64 | 0.1.0 | 38.00 | NOTE | |||
r-oldrel-macos-x86_64 | 0.1.0 | 59.00 | NOTE | |||
r-oldrel-windows-x86_64 | 0.1.0 | 4.00 | 106.00 | 110.00 | NOTE |
Version: 0.1.0
Check: LazyData
Result: NOTE
'LazyData' is specified without a 'data' directory
Flavors: r-devel-linux-x86_64-debian-clang, r-devel-linux-x86_64-debian-gcc, r-devel-linux-x86_64-fedora-clang, r-devel-linux-x86_64-fedora-gcc, r-devel-windows-x86_64, r-patched-linux-x86_64, r-release-linux-x86_64, r-release-macos-arm64, r-release-windows-x86_64, r-oldrel-macos-arm64, r-oldrel-macos-x86_64, r-oldrel-windows-x86_64