Last updated on 2024-05-04 09:49:38 CEST.
Flavor | Version | Tinstall | Tcheck | Ttotal | Status | Flags |
---|---|---|---|---|---|---|
r-devel-linux-x86_64-debian-clang | 0.2.1 | 68.98 | 177.13 | 246.11 | NOTE | |
r-devel-linux-x86_64-debian-gcc | 0.2.1 | 66.27 | 121.34 | 187.61 | NOTE | |
r-devel-linux-x86_64-fedora-clang | 0.2.1 | 308.22 | NOTE | |||
r-devel-linux-x86_64-fedora-gcc | 0.2.1 | 336.62 | NOTE | |||
r-devel-windows-x86_64 | 0.2.1 | 68.00 | 177.00 | 245.00 | NOTE | |
r-patched-linux-x86_64 | 0.2.1 | 77.00 | 165.34 | 242.34 | NOTE | |
r-release-linux-x86_64 | 0.2.1 | 72.02 | 164.06 | 236.08 | NOTE | |
r-release-macos-arm64 | 0.2.1 | 66.00 | NOTE | |||
r-release-windows-x86_64 | 0.2.1 | 65.00 | 172.00 | 237.00 | NOTE | |
r-oldrel-macos-arm64 | 0.2.1 | 78.00 | NOTE | |||
r-oldrel-macos-x86_64 | 0.2.1 | 149.00 | NOTE | |||
r-oldrel-windows-x86_64 | 0.2.1 | 80.00 | 213.00 | 293.00 | NOTE |
Version: 0.2.1
Check: package dependencies
Result: NOTE
Package suggested but not available for checking: ‘IFCdata’
Flavors: r-devel-linux-x86_64-debian-clang, r-devel-linux-x86_64-debian-gcc, r-devel-linux-x86_64-fedora-clang, r-devel-linux-x86_64-fedora-gcc, r-devel-windows-x86_64, r-patched-linux-x86_64, r-release-linux-x86_64, r-release-macos-arm64, r-release-windows-x86_64, r-oldrel-macos-arm64, r-oldrel-macos-x86_64, r-oldrel-windows-x86_64
Version: 0.2.1
Check: installed package size
Result: NOTE
installed size is 7.4Mb
sub-directories of 1Mb or more:
R 2.0Mb
libs 4.6Mb
Flavors: r-release-macos-arm64, r-oldrel-macos-arm64, r-oldrel-macos-x86_64