Last updated on 2024-05-04 09:49:38 CEST.
Flavor | Version | Tinstall | Tcheck | Ttotal | Status | Flags |
---|---|---|---|---|---|---|
r-devel-linux-x86_64-debian-clang | 0.2.4 | 34.94 | 167.82 | 202.76 | OK | |
r-devel-linux-x86_64-debian-gcc | 0.2.4 | 27.79 | 122.34 | 150.13 | OK | |
r-devel-linux-x86_64-fedora-clang | 0.2.4 | 264.15 | NOTE | |||
r-devel-linux-x86_64-fedora-gcc | 0.2.4 | 246.58 | NOTE | |||
r-devel-windows-x86_64 | 0.2.4 | 29.00 | 131.00 | 160.00 | OK | |
r-patched-linux-x86_64 | 0.2.4 | 21.83 | 157.48 | 179.31 | OK | |
r-release-linux-x86_64 | 0.2.4 | 24.79 | 159.34 | 184.13 | OK | |
r-release-macos-arm64 | 0.2.4 | 63.00 | OK | |||
r-release-windows-x86_64 | 0.2.4 | 30.00 | 127.00 | 157.00 | OK | |
r-oldrel-macos-arm64 | 0.2.4 | 71.00 | OK | |||
r-oldrel-macos-x86_64 | 0.2.4 | 115.00 | OK | |||
r-oldrel-windows-x86_64 | 0.2.4 | 41.00 | 176.00 | 217.00 | OK |
Version: 0.2.4
Check: compiled code
Result: NOTE
File ‘IFP/libs/IFP.so’:
Found no calls to: ‘R_registerRoutines’, ‘R_useDynamicSymbols’
It is good practice to register native routines and to disable symbol
search.
See ‘Writing portable packages’ in the ‘Writing R Extensions’ manual.
Flavors: r-devel-linux-x86_64-fedora-clang, r-devel-linux-x86_64-fedora-gcc