Last updated on 2024-05-04 13:49:09 CEST.
Flavor | Version | Tinstall | Tcheck | Ttotal | Status | Flags |
---|---|---|---|---|---|---|
r-devel-linux-x86_64-debian-clang | 24.3.25 | 18.21 | 144.34 | 162.55 | NOTE | |
r-devel-linux-x86_64-debian-gcc | 24.3.25 | 16.13 | 104.45 | 120.58 | NOTE | |
r-devel-linux-x86_64-fedora-clang | 24.3.25 | 220.91 | NOTE | |||
r-devel-linux-x86_64-fedora-gcc | 24.3.25 | 217.21 | NOTE | |||
r-devel-windows-x86_64 | 24.3.25 | 18.00 | 109.00 | 127.00 | OK | |
r-patched-linux-x86_64 | 24.3.25 | 14.63 | 137.98 | 152.61 | NOTE | |
r-release-linux-x86_64 | 24.3.25 | 14.55 | 138.65 | 153.20 | NOTE | |
r-release-macos-arm64 | 24.3.25 | 63.00 | NOTE | |||
r-release-macos-x86_64 | 24.3.25 | 141.00 | NOTE | |||
r-release-windows-x86_64 | 24.3.25 | 18.00 | 109.00 | 127.00 | OK | |
r-oldrel-macos-arm64 | 24.3.25 | 61.00 | NOTE | |||
r-oldrel-macos-x86_64 | 24.3.25 | 145.00 | NOTE | |||
r-oldrel-windows-x86_64 | 24.3.25 | 26.00 | 134.00 | 160.00 | NOTE |
Version: 24.3.25
Check: package dependencies
Result: NOTE
Packages suggested but not available for checking: 'INLA', 'frailtypack'
Flavors: r-devel-linux-x86_64-debian-clang, r-devel-linux-x86_64-debian-gcc, r-patched-linux-x86_64, r-release-macos-x86_64
Version: 24.3.25
Check: package dependencies
Result: NOTE
Package suggested but not available for checking: ‘frailtypack’
Flavors: r-devel-linux-x86_64-fedora-clang, r-devel-linux-x86_64-fedora-gcc
Version: 24.3.25
Check: package dependencies
Result: NOTE
Packages suggested but not available for checking:
'INLA', 'rstanarm', 'frailtypack'
Flavor: r-release-linux-x86_64
Version: 24.3.25
Check: package dependencies
Result: NOTE
Package suggested but not available for checking: ‘INLA’
Flavors: r-release-macos-arm64, r-oldrel-macos-arm64, r-oldrel-macos-x86_64, r-oldrel-windows-x86_64