Last updated on 2024-05-04 09:49:38 CEST.
Flavor | Version | Tinstall | Tcheck | Ttotal | Status | Flags |
---|---|---|---|---|---|---|
r-devel-linux-x86_64-debian-clang | 0.0.4 | 31.70 | 310.35 | 342.05 | OK | |
r-devel-linux-x86_64-debian-gcc | 0.0.4 | 24.27 | 232.52 | 256.79 | OK | |
r-devel-linux-x86_64-fedora-clang | 0.0.4 | 479.50 | NOTE | |||
r-devel-linux-x86_64-fedora-gcc | 0.0.4 | 460.22 | NOTE | |||
r-devel-windows-x86_64 | 0.0.4 | 28.00 | 211.00 | 239.00 | OK | |
r-patched-linux-x86_64 | 0.0.4 | 45.62 | 301.45 | 347.07 | OK | |
r-release-linux-x86_64 | 0.0.4 | 0.43 | 2.48 | 2.91 | ERROR | |
r-release-macos-arm64 | 0.0.4 | 126.00 | OK | |||
r-release-windows-x86_64 | 0.0.4 | 27.00 | 207.00 | 234.00 | OK | |
r-oldrel-macos-arm64 | 0.0.4 | 128.00 | OK | |||
r-oldrel-macos-x86_64 | 0.0.4 | 281.00 | OK | |||
r-oldrel-windows-x86_64 | 0.0.4 | 27.00 | 266.00 | 293.00 | OK |
Version: 0.0.4
Check: data for non-ASCII characters
Result: NOTE
Note: found 1 marked UTF-8 string
Flavors: r-devel-linux-x86_64-fedora-clang, r-devel-linux-x86_64-fedora-gcc
Version: 0.0.4
Check: package dependencies
Result: ERROR
Package required but not available: ‘rstanarm’
See section ‘The DESCRIPTION file’ in the ‘Writing R Extensions’
manual.
Flavor: r-release-linux-x86_64