Last updated on 2024-05-04 13:49:09 CEST.
Flavor | Version | Tinstall | Tcheck | Ttotal | Status | Flags |
---|---|---|---|---|---|---|
r-devel-linux-x86_64-debian-clang | 1.1.9 | 26.76 | 52.99 | 79.75 | NOTE | |
r-devel-linux-x86_64-debian-gcc | 1.1.9 | 20.17 | 39.92 | 60.09 | NOTE | |
r-devel-linux-x86_64-fedora-clang | 1.1.9 | 104.15 | NOTE | |||
r-devel-linux-x86_64-fedora-gcc | 1.1.9 | 100.21 | NOTE | |||
r-devel-windows-x86_64 | 1.1.9 | 23.00 | 85.00 | 108.00 | OK | |
r-patched-linux-x86_64 | 1.1.9 | 26.56 | 50.19 | 76.75 | NOTE | |
r-release-linux-x86_64 | 1.1.9 | 21.90 | 51.63 | 73.53 | NOTE | |
r-release-macos-arm64 | 1.1.9 | 34.00 | OK | |||
r-release-windows-x86_64 | 1.1.9 | 24.00 | 86.00 | 110.00 | OK | |
r-oldrel-macos-arm64 | 1.1.9 | 38.00 | OK | |||
r-oldrel-macos-x86_64 | 1.1.9 | 46.00 | OK | |||
r-oldrel-windows-x86_64 | 1.1.9 | 28.00 | 94.00 | 122.00 | OK |
Version: 1.1.9
Check: for non-standard things in the check directory
Result: NOTE
Found the following files/directories:
‘Error_Estimation_Response_1.tiff’ ‘Error_Estimation_Response_2.tiff’
‘Error_Estimation_Response_3.tiff’
Flavors: r-devel-linux-x86_64-debian-clang, r-devel-linux-x86_64-debian-gcc, r-devel-linux-x86_64-fedora-clang, r-devel-linux-x86_64-fedora-gcc, r-patched-linux-x86_64, r-release-linux-x86_64