Last updated on 2024-05-04 09:49:38 CEST.
Flavor | Version | Tinstall | Tcheck | Ttotal | Status | Flags |
---|---|---|---|---|---|---|
r-devel-linux-x86_64-debian-clang | 0.1.0 | 38.92 | 27.23 | 66.15 | NOTE | |
r-devel-linux-x86_64-debian-gcc | 0.1.0 | 27.34 | 20.67 | 48.01 | NOTE | |
r-devel-linux-x86_64-fedora-clang | 0.1.0 | 91.31 | NOTE | |||
r-devel-linux-x86_64-fedora-gcc | 0.1.0 | 88.04 | NOTE | |||
r-devel-windows-x86_64 | 0.1.0 | 29.00 | 61.00 | 90.00 | NOTE | |
r-patched-linux-x86_64 | 0.1.0 | 32.55 | 25.45 | 58.00 | NOTE | |
r-release-linux-x86_64 | 0.1.0 | 35.25 | 25.68 | 60.93 | NOTE | |
r-release-macos-arm64 | 0.1.0 | 23.00 | NOTE | |||
r-release-windows-x86_64 | 0.1.0 | 28.00 | 59.00 | 87.00 | NOTE | |
r-oldrel-macos-arm64 | 0.1.0 | 27.00 | NOTE | |||
r-oldrel-macos-x86_64 | 0.1.0 | 40.00 | NOTE | |||
r-oldrel-windows-x86_64 | 0.1.0 | 36.00 | 66.00 | 102.00 | NOTE |
Version: 0.1.0
Check: LazyData
Result: NOTE
'LazyData' is specified without a 'data' directory
Flavors: r-devel-linux-x86_64-debian-clang, r-devel-linux-x86_64-debian-gcc, r-devel-linux-x86_64-fedora-clang, r-devel-linux-x86_64-fedora-gcc, r-devel-windows-x86_64, r-patched-linux-x86_64, r-release-linux-x86_64, r-release-macos-arm64, r-release-windows-x86_64, r-oldrel-macos-arm64, r-oldrel-macos-x86_64, r-oldrel-windows-x86_64